culate the highest common divisor of 3 and 1564903983.
3
What is the greatest common divisor of 63 and 128114?
7
Calculate the greatest common divisor of 1734819 and 113923.
37
Calculate the greatest common divisor of 85 and 55243285.
85
Calculate the highest common divisor of 183269331 and 18.
9
Calculate the greatest common factor of 133571280 and 10.
10
What is the highest common factor of 837 and 3303639?
837
What is the greatest common divisor of 211347 and 483?
69
What is the highest common divisor of 97584 and 4357232?
304
Calculate the greatest common divisor of 27 and 7207029.
27
Calculate the greatest common divisor of 40777 and 11525063.
3707
What is the highest common factor of 3907 and 288168599?
3907
Calculate the highest common divisor of 8906538 and 58.
58
What is the greatest common factor of 9972 and 392256?
36
Calculate the greatest common factor of 15 and 3064735.
5
Calculate the highest common factor of 9122948 and 170.
34
Calculate the greatest common factor of 43712907 and 3381.
21
Calculate the greatest common factor of 30688 and 17648.
16
What is the greatest common divisor of 4275891 and 459?
153
Calculate the highest common factor of 3633250 and 625.
125
Calculate the highest common factor of 133 and 12873791.
7
What is the greatest common factor of 43120 and 127610?
70
What is the greatest common divisor of 176 and 16412896?
16
Calculate the highest common factor of 376697193 and 454.
227
Calculate the highest common divisor of 2228 and 9363727.
557
What is the greatest common factor of 27090909 and 6?
3
Calculate the highest common divisor of 841971 and 8047.
13
What is the highest common divisor of 2358414023 and 1211?
1211
What is the greatest common factor of 13998656 and 1344?
448
What is the highest common divisor of 176 and 619605008?
176
Calculate the highest common divisor of 36008386 and 552.
46
Calculate the greatest common factor of 659523 and 11767824.
3453
What is the greatest common factor of 405 and 29376345?
15
Calculate the highest common divisor of 6 and 440766318.
6
What is the highest common factor of 4023656 and 2184?
728
What is the greatest common factor of 369 and 61740383?
41
Calculate the highest common factor of 552365 and 360635.
4565
Calculate the highest common divisor of 2233327 and 354.
59
What is the highest common divisor of 64133 and 791485?
59
What is the greatest common factor of 15480081 and 23?
23
Calculate the greatest common divisor of 63842540 and 60.
20
What is the greatest common divisor of 2 and 4855399?
1
What is the greatest common divisor of 56375 and 180277?
41
What is the greatest common factor of 46 and 2769660?
46
Calculate the highest common divisor of 961 and 4872549.
31
What is the highest common factor of 283282650 and 3150?
3150
What is the highest common divisor of 4566575 and 169975?
325
What is the greatest common divisor of 1640382 and 6288?
786
Calculate the highest common divisor of 15689 and 117914.
29
Calculate the highest common divisor of 1380952 and 176.
8
Calculate the greatest common divisor of 413091 and 29151.
711
What is the greatest common factor of 699036 and 260?
52
Calculate the greatest common divisor of 2 and 33849117.
1
What is the highest common factor of 89268 and 11231160?
2076
Calculate the highest common factor of 398304 and 841968.
432
What is the greatest common divisor of 234786958 and 698?
698
What is the greatest common divisor of 2747110 and 20?
10
What is the highest common divisor of 2559 and 392076?
3
What is the greatest common factor of 41054546 and 234?
26
Calculate the greatest common factor of 188377 and 188003.
17
Calculate the highest common divisor of 29 and 248114227.
29
Calculate the highest common divisor of 3496200 and 16800.
600
What is the greatest common factor of 2200273 and 5392?
337
Calculate the greatest common divisor of 984488647 and 83.
83
What is the highest common divisor of 107692 and 3562?
26
What is the highest common divisor of 2336 and 65695328?
2336
Calculate the greatest common factor of 1214300 and 60.
20
Calculate the highest common divisor of 2255347 and 970.
97
Calculate the greatest common divisor of 85 and 1113755.
85
What is the highest common divisor of 8313993 and 6404?
1601
Calculate the highest common factor of 114585 and 19.
1
What is the greatest common divisor of 12 and 7987236?
12
Calculate the highest common factor of 78973506 and 2655.
531
What is the highest common factor of 624592 and 114458?
758
What is the highest common factor of 29689 and 1342?
11
What is the greatest common factor of 870 and 1507830?
30
What is the highest common factor of 76127838 and 1472?
46
Calculate the greatest common divisor of 3706965 and 2147.
113
Calculate the highest common divisor of 217 and 2081303.
7
What is the greatest common divisor of 20540936 and 48?
8
What is the greatest common factor of 42405 and 46167?
33
Calculate the greatest common factor of 28291022 and 6812.
262
Calculate the greatest common divisor of 83007 and 6327.
9
Calculate the highest common factor of 51043483 and 15784.
1973
Calculate the greatest common divisor of 1321 and 25861217.
1321
Calculate the greatest common factor of 2820 and 172992.
12
Calculate the greatest common factor of 6188 and 306782.
238
What is the highest common divisor of 770756597 and 39?
13
What is the greatest common divisor of 500616 and 413499?
1227
What is the greatest common factor of 27581805 and 5?
5
Calculate the highest common factor of 4870 and 39989518.
974
What is the greatest common divisor of 201176927 and 28?
7
What is the greatest common divisor of 26276580 and 1100?
220
What is the highest common factor of 92345 and 46115?
115
What is the highest common factor of 32889 and 154129971?
1731
Calculate the highest common divisor of 89814920 and 520.
520
Calculate the highest common factor of 34688 and 11264.
128
What is the highest common divisor of 85 and 3551615?
5
Calculate the highest common divisor of 903225 and 475.
25
What is the greatest common divisor of 332 and 16514012?
332
What is the highest common factor of 22995 and 43820?
35
Calculate the highest common divisor of 18998574 and 3822.
294
Calculate the highest common divisor of 90460 and 15500.
20
What is the greatest common divisor of 32967168 and 114816?
4992
Calculate the greatest common factor of 31914 and 802578.
1182
Calculate the highest common divisor of 4279464 and 648.
72
Calculate the highest common factor of 1900943 and 117425.
671
What is the highest common divisor of 105 and 142479435?
105
Calculate the highest common factor of 134533 and 13.
1
What is the highest common divisor of 22638106 and 3031?
433
Calculate the highest common divisor of 88344 and 40435376.
3272
What is the greatest common divisor of 26163116 and 3430?
14
Calculate the highest common divisor of 413184 and 255012.
3228
What is the highest common divisor of 117 and 1173366?
9
Calculate the highest common factor of 20 and 99262.
2
Calculate the highest common factor of 229389113 and 44991.
4999
What is the greatest common factor of 561155 and 62510?
35
Calculate the greatest common factor of 35128 and 1593933.
4391
What is the highest common divisor of 6 and 4074437?
1
What is the greatest common factor of 6137088 and 5490?
366
What is the greatest common divisor of 244816 and 10192?
208
What is the highest common factor of 176 and 511040?
16
Calculate the highest common factor of 58203 and 423.
9
Calculate the highest common divisor of 10571 and 313379.
341
What is the highest common divisor of 1650 and 103731000?
150
Calculate the greatest common factor of 16126 and 47498.
22
What is the highest common divisor of 1224376 and 2604?
124
Calculate the highest common factor of 28231212 and 878.
878
Calculate the greatest common divisor of 80734093 and 2486.
1243
What is the highest common divisor of 3312 and 13723686?
414
Calculate the greatest common divisor of 998 and 1291911.
499
What is the greatest common factor of 26 and 316002518?
26
What is the greatest common divisor of 410 and 3718864?
82
What is the highest common divisor of 25464864 and 874?
874
What is the greatest common factor of 702971 and 4757?
71
Calculate the highest common factor of 872917 and 817.
19
Calculat